t j(q) = -4*q - 16. Let o be j(-5). What is u(o)?
12
Let f(z) be the second derivative of 5*z**3/3 + z**2 - 3*z. Suppose 19*v = 18*v - 3. What is f(v)?
-28
Let x(m) = 3*m**3 - 15*m**2 - 3*m + 14. Let p = -9 + 14. Let a(l) = 2*l**3 - 8*l**2 - 2*l + 7. Let s(t) = p*a(t) - 3*x(t). Suppose -3 = 2*w + 7. What is s(w)?
-2
Let x = 10994 - 10973. Let j(a) = -9*a + 184. Give j(x).
-5
Let z(j) = 4*j**2 + 2 + 0*j**2 - 2*j - 3*j**2 - j. Let w(u) = -3*u**3 + 20*u**2 + 9*u - 10. Let h be w(7). Calculate z(h).
6
Let i be (-2)/(1/(-90) - 0). Let h = i + -191. Let v(c) = c**2 + 10*c - 1. Determine v(h).
10
Let t(m) be the first derivative of -2 + 3/2*m**2 + 7*m. Let v = -1269 + 1261. Determine t(v).
-17
Suppose 3*f + 11 = -2*t, 0*t = -3*t + f + 11. Let a be ((4 - 6)/t)/(-1). Let m(z) = -z - 2 + a + 2*z. Determine m(7).
6
Let k be (-18 - -13) + (0 - -1). Let w(a) = a**3 + 4*a**2 - 4*a + 5. Calculate w(k).
21
Suppose -74 = -5*s - 59. Let q(c) = -s*c + 16 + 0*c + 10 - 2. What is q(6)?
6
Let g(i) be the first derivative of 1/2*i**2 + 14*i - 43. Give g(6).
20
Let o(p) = -6*p**2 + 3*p - 177. Let c(d) = -17*d**2 + 9*d - 530. Let x(b) = -4*c(b) + 11*o(b). Let i(v) be the first derivative of x(v). Give i(7).
25
Let r(z) = 3*z + 17. Let a = 15166 - 15159. Calculate r(a).
38
Let s = 21488 + -21472. Let o(t) = -t**3 + 17*t**2 - 19*t + 48. What is o(s)?
0
Let z be 8 + 23/8 + -11 + (-1)/(-8). Let v(f) = -2*f + 8. Determine v(z).
8
Let p(x) = -x**3 + x**2 - 3*x - 9. Let w(m) = -18*m**2 + 277*m + 171. Let k be w(16). Give p(k).
156
Let f(d) = 9*d - 1615*d**3 - 12 - 4*d**2 - 1607*d**3 + 3221*d**3. Determine f(-6).
6
Let x(b) = -b**2 + 7*b + 1. Let v be x(7). Let i(c) = v - 3*c + 0*c - 2*c. Suppose -2*w + 12 = 0, 409 = -3*j - 3*w + 433. Calculate i(j).
-9
Suppose 12 = -2*r, k + 37 = -14*r + 9*r. Let t(o) = 1 + 7 - 3 - 4*o - o**2. Give t(k).
-16
Let s(x) = -3*x + 58. Let j(a) = 97*a - 92. Let y(v) = j(v) - 4*s(v). What is y(3)?
3
Let a(b) = -2*b**2 - 5*b - 6. Let j(y) = -3*y**2 - 4*y - 11. Let i(u) = 7*a(u) - 5*j(u). Calculate i(13).
-13
Let o(y) be the third derivative of -y**5/60 + 19*y**4/24 + 247*y**3/6 + 809*y**2. Give o(28).
-5
Let p(l) = -l**3 + 96*l**2 - 8*l - 10. Let k(i) = -48*i**2 + 3*i - 2. Let f(j) = 5*k(j) + 2*p(j). Give f(-24).
-6
Let o(b) = -b**2 - 18*b + 22. Let n(a) = -68*a**2 - 1492*a + 65. Let r be n(-22). What is o(r)?
-93
Suppose -104*i = -111*i + 203. Suppose i*p - 14*p = -30. Let f(t) = -16*t + 2. What is f(p)?
34
Let q(k) = 21*k - 446. Let u be q(21). Let t(p) be the third derivative of -p**6/120 - p**5/15 + p**4/6 + p**3/6 + 2*p**2. What is t(u)?
6
Let z(j) = 13*j**3 - j**2 + j - 1. Let p be (15 - 14) + -1 + -1. Let m be (p + 0)/(62/(-62)). Give z(m).
12
Suppose -3*v + 28 = -5*k, -3*v + 4 = -4*k - 19. Let h(i) be the third derivative of 0 - 4*i**2 + 0*i + 1/6*i**3 + 1/24*i**4. Calculate h(k).
-4
Let d(a) = -a**2 - 14*a + 3. Let s = 2141 - 2156. What is d(s)?
-12
Let a be (-2)/(-6) - (-22)/(-3). Let n(o) = -10*o - 8. Let h(j) = -9*j - 7. Let x(y) = a*h(y) + 6*n(y). Let p = 2351 - 2352. What is x(p)?
-2
Let o = -23 - -14. Let u(f) = -f**3 - 7*f**2 - 3*f - 1. Let n = -51 + 49. Let h(v) = v**2 - v + 1. Let d(j) = n*h(j) + u(j). Calculate d(o).
6
Suppose 0 = -4*b + 44*z - 124, 2*z - 15 = -7. Let a(w) = -5*w - 20. Let j(h) = -h + 1. Let t(x) = -a(x) + 6*j(x). Give t(b).
13
Suppose -28*m + 2*m = 0. Let w(b) = m - 1 + 393*b - 26*b**2 - 391*b. Determine w(1).
-25
Let p = -33087 + 33071. Let g(u) = -7*u - 140. Determine g(p).
-28
Suppose -5*o + 34 = 2*u, o - 3 = -u + 8. Let y(s) be the second derivative of -s**3/6 - s**2 - 2*s - 19. Determine y(u).
-9
Let o(a) be the first derivative of -a**4/12 - 5*a**3/3 + a**2/2 - 36*a + 83. Let t(x) be the first derivative of o(x). Give t(-9).
10
Let x(h) be the second derivative of -h**3 + 51*h**2 - 122*h - 7. Determine x(17).
0
Let l be ((-56)/6)/(74/(-111)). Let i(w) = -7 + 15*w + 0 - l*w + 0*w. Suppose 41 = 4*n + 1. Determine i(n).
3
Let m be 1*3*(-1)/(-8)*8. Suppose 2*a = m*v + 20, -37 + 7 = v + 4*a. Let r(o) = 2*o - 6. Give r(v).
-26
Let a(v) = -v**3 + 12*v**2 - 35*v - 1. Let k be 6/27 - 104/(-18). Let y be a(k). Let s(f) = f + 2. Determine s(y).
7
Let p be (0 + -2 + 1)/(3/(-15)). Suppose -p*r = 3*z - 7*z + 17, -17 = -5*z + 2*r. Let s(v) = 7*v + 2*v**2 - 7*v - 3. Give s(z).
15
Let c(i) = -9*i + 1. Let a be 185/65 + 18/117. Suppose 5*m - 20 = -5*v, -m = -5*m + a*v + 9. What is c(m)?
-26
Let g(t) = 49 - 128*t + 804*t**2 + 793*t**2 + 792*t**2 - 2394*t**2. Give g(-26).
-3
Let m(s) be the third derivative of -s**8/6720 + s**7/504 - s**6/120 + 11*s**4/24 + s**3/2 + 21*s**2. Let k(z) be the second derivative of m(z). What is k(4)?
-8
Let v(o) = -5 + 193*o - 95*o - 81*o. Give v(5).
80
Let b(m) = -m**3 - 6*m**2 + 5*m - 1. Let i(l) = -l**3 + 6*l**2 - 7*l + 1. Let s be i(3). Suppose -v + 2*v + 4*c + 7 = 0, c - s = v. Determine b(v).
13
Let x(a) = 7*a + 9. Let d(k) = -8*k - 10. Let q(c) = 4*d(c) + 5*x(c). Let s = 85 - 77. Suppose s*n + 28 = -28. Determine q(n).
-16
Let t(r) = -15*r - 29*r**2 - 7*r**3 - 15*r - 18 + 6*r**3 + 0*r**3 - 33. Determine t(-28).
5
Let x(a) be the second derivative of -a**4/6 + 3*a**3 + 15*a**2/2 - 15228*a. Give x(8).
31
Suppose -3*m - 733 = -f - 131, -f = 5*m + 998. Let a = m + 191. Let l(q) = q**2 + 10*q - 5. What is l(a)?
-14
Let l(s) = -s**2 - 5*s - 1. Suppose -48 = -19*o + 9. Suppose -o*g - g + 28 = -4*z, 2*g = 3*z + 19. Give l(z).
-1
Let k = 121 + -29. Let a = 90 - k. Let l(n) = -13*n**2 - 3*n - 3. What is l(a)?
-49
Let u = -14 + 20. Let x = -9 + 12. Let g(y) = 5 + 9 + x*y - u - y. Calculate g(-8).
-8
Let r(w) be the first derivative of -w**6/360 + w**5/30 + w**4/24 + 71*w**3/3 - w**2 + 42. Let j(p) be the third derivative of r(p). Determine j(4).
1
Let g(f) = 4*f - 2. Let l(p) = -173*p**2 - 2*p + 2. Let k be l(-1). Let m = -167 - k. Give g(m).
6
Let x(z) = z**2 - 13*z - 103. Suppose p - 89 + 101 = 3*l, p = -5*l + 4. What is x(p)?
11
Let q(l) = -l**2 + 3 - 10 - 3 + l**3. Suppose 0 = -5*u - 5*a + 684 + 946, -4*a - 1320 = -4*u. Suppose -u*t = -337*t. Calculate q(t).
-10
Let z(f) = 2*f**2 + 7*f - 2. Let b(k) = k**2 + 5*k - 19. Let d = 4 + 0. Suppose -d*y - 12 = 16. Let a be b(y). Calculate z(a).
13
Let g = 71 - 83. Let v = g + 14. Let t(s) = 7*s**3 - 6*s**2 + 4*s + 5. Let r(p) = 3*p**3 - 3*p**2 + 2*p + 2. Let w(f) = 5*r(f) - 2*t(f). Give w(v).
0
Suppose 3005 = -26*y + 2875. Let p(v) = -6*v**3 - v + 8*v - 4*v**2 + 5*v**3 + 7. Calculate p(y).
-3
Suppose -16*h = -14*h - 4. Suppose 5*g - h*d = 3, -3 = g + 5*d - 9. Let f(p) = -g + 0*p - p + 0*p + 0. Calculate f(0).
-1
Let z(b) = -b**3 - b**2 + b. Let j(w) = -4*w**3 + 7*w + 5. Suppose 0 = -4*s + 24 - 12. Suppose s = o + 8. Let f(h) = o*z(h) + j(h). Give f(-5).
-5
Let c(w) = -3*w**2 - 2*w + 2. Suppose 7*k = -2235 - 817. Let i = k - -433. Determine c(i).
-19
Let s(y) = -22*y**2 + 25*y + 19. Let b(l) = -48*l**2 + 51*l + 36. Let k(c) = 6*b(c) - 13*s(c). What is k(-7)?
4
Let z(s) = 4*s**2 + 6*s - 6. Suppose -4*h = 4 + 4. Let r(o) = 3*o**2 + 5*o - 5. Let u(b) = h*z(b) + 3*r(b). Let v = -1470 - -1466. What is u(v)?
1
Let r(p) = p**2 + 18*p + 39. Suppose 8*h + 338 = 218. Determine r(h).
-6
Let w = 309 - 303. Let z be (-129)/86*w/(-1). Let x(g) = -g + 13. Give x(z).
4
Let r(j) be the third derivative of -2*j**2 - 4/3*j**3 + 7 + 1/12*j**4 + 0*j. What is r(14)?
20
Let j = 7417/6 - 1236. Let v(k) be the second derivative of 30*k - j*k**3 + 0 + 2*k**2. Give v(6).
-2
Suppose 4*v + 10 = 9*v, 4*d = -2*v + 52. Suppose 39*g = -d*g. Let m(x) = -x - 8. Determine m(g).
-8
Suppose -9*w + 5341 = -4217. Suppose 0 = 6*m - 1032 + w. Let f(b) = b**3 + 4*b**2 - 3*b + 2. Give f(m).
-8
Let c = 6123 + -6113. Let y(v) = -3*v + 32. Calculate y(c).
2
Let g(n) be the third derivative of -n**5/60 - n**4/4 + 11*n**3/6 - n**2. Let i be g(-7). Suppose i - 13 = -3*l. Let s(f) = 2*f + 1. Calculate s(l).
7
Let a(b) = b**3 - 5*b**2 + 3*b - 2. Suppose -86 = 212*w - 229*w - 35. Give a(w).
-11
Suppose -4*b = -8*b - 32. Suppose -269 = 4*a - 281. Let k(r) = -5 + 0 - 4 + r - a*r. Give k(b).
7
Let t(q) = 9*q + 4. Suppose -5 = 2*d + 5*s, 7*d + 2*s + 2 = 4*d. Suppose d = 19*o + 41 + 16. Give t(o).
-23
Let k(d) = -d**3 - 2*d**2 + 2*d - 4. Suppose 3*a = 5*b - 89, -5*b = -2*a + 5*a - 71. Let c = -55 - -36. Let